of 3135.
3, 5, 11, 19
List the prime factors of 160152.
2, 3, 6673
What are the prime factors of 902?
2, 11, 41
What are the prime factors of 31026?
2, 3, 5171
List the prime factors of 122622.
2, 3, 107, 191
List the prime factors of 11412.
2, 3, 317
List the prime factors of 51782.
2, 17, 1523
List the prime factors of 30888.
2, 3, 11, 13
List the prime factors of 8749.
13, 673
List the prime factors of 745.
5, 149
List the prime factors of 17376.
2, 3, 181
List the prime factors of 370.
2, 5, 37
List the prime factors of 12709.
71, 179
What are the prime factors of 232?
2, 29
List the prime factors of 57279.
3, 61, 313
List the prime factors of 12207.
3, 13, 313
List the prime factors of 1441.
11, 131
List the prime factors of 6896.
2, 431
What are the prime factors of 13825?
5, 7, 79
List the prime factors of 632.
2, 79
List the prime factors of 2052.
2, 3, 19
What are the prime factors of 477?
3, 53
What are the prime factors of 2362?
2, 1181
What are the prime factors of 57539?
163, 353
List the prime factors of 24942.
2, 3, 4157
What are the prime factors of 89546?
2, 44773
List the prime factors of 5028.
2, 3, 419
List the prime factors of 2566.
2, 1283
List the prime factors of 418.
2, 11, 19
List the prime factors of 2881.
43, 67
What are the prime factors of 29218?
2, 7, 2087
List the prime factors of 2116.
2, 23
What are the prime factors of 828?
2, 3, 23
What are the prime factors of 85588?
2, 21397
List the prime factors of 580.
2, 5, 29
What are the prime factors of 1721?
1721
List the prime factors of 1412.
2, 353
What are the prime factors of 4339?
4339
List the prime factors of 26899.
37, 727
What are the prime factors of 26122?
2, 37, 353
List the prime factors of 9045.
3, 5, 67
List the prime factors of 2967.
3, 23, 43
List the prime factors of 999.
3, 37
What are the prime factors of 19890?
2, 3, 5, 13, 17
What are the prime factors of 4262?
2, 2131
List the prime factors of 3801.
3, 7, 181
List the prime factors of 57863.
13, 4451
What are the prime factors of 1288?
2, 7, 23
What are the prime factors of 33433?
67, 499
List the prime factors of 650.
2, 5, 13
List the prime factors of 20639.
20639
What are the prime factors of 1888?
2, 59
What are the prime factors of 22357?
79, 283
What are the prime factors of 7315?
5, 7, 11, 19
List the prime factors of 14.
2, 7
What are the prime factors of 438?
2, 3, 73
What are the prime factors of 68?
2, 17
What are the prime factors of 10754?
2, 19, 283
List the prime factors of 464.
2, 29
List the prime factors of 181499.
181499
List the prime factors of 132.
2, 3, 11
What are the prime factors of 1165?
5, 233
What are the prime factors of 31895?
5, 6379
List the prime factors of 5883.
3, 37, 53
What are the prime factors of 2123?
11, 193
List the prime factors of 4422.
2, 3, 11, 67
List the prime factors of 1599.
3, 13, 41
List the prime factors of 424.
2, 53
What are the prime factors of 139?
139
What are the prime factors of 50537?
97, 521
List the prime factors of 9162.
2, 3, 509
What are the prime factors of 1384?
2, 173
What are the prime factors of 790?
2, 5, 79
What are the prime factors of 30498?
2, 3, 13, 17, 23
What are the prime factors of 955?
5, 191
What are the prime factors of 48283?
53, 911
What are the prime factors of 3574?
2, 1787
What are the prime factors of 11778?
2, 3, 13, 151
List the prime factors of 39228.
2, 3, 7, 467
List the prime factors of 5287.
17, 311
List the prime factors of 1031.
1031
List the prime factors of 98523.
3, 41, 89
What are the prime factors of 5339?
19, 281
List the prime factors of 4087.
61, 67
What are the prime factors of 1967?
7, 281
List the prime factors of 3645.
3, 5
List the prime factors of 777.
3, 7, 37
What are the prime factors of 144088?
2, 7, 31, 83
What are the prime factors of 72886?
2, 11, 3313
What are the prime factors of 3115?
5, 7, 89
List the prime factors of 5976.
2, 3, 83
List the prime factors of 7491.
3, 11, 227
List the prime factors of 119.
7, 17
What are the prime factors of 5540?
2, 5, 277
List the prime factors of 31966.
2, 11, 1453
List the prime factors of 25651.
113, 227
List the prime factors of 759.
3, 11, 23
List the prime factors of 12022.
2, 6011
List the prime factors of 16012.
2, 4003
List the prime factors of 5317.
13, 409
List the prime factors of 9378.
2, 3, 521
What are the prime factors of 1766?
2, 883
What are the prime factors of 13148?
2, 19, 173
List the prime factors of 1317.
3, 439
What are the prime factors of 4377?
3, 1459
List the prime factors of 2651.
11, 241
What are the prime factors of 5206?
2, 19, 137
What are the prime factors of 29529?
3, 17, 193
What are the prime factors of 117?
3, 13
List the prime factors of 1867.
1867
What are the prime factors of 64?
2
List the prime factors of 2452.
2, 613
List the prime factors of 13151.
13151
What are the prime factors of 44898?
2, 3, 7, 1069
List the prime factors of 11500.
2, 5, 23
List the prime factors of 4326.
2, 3, 7, 103
List the prime factors of 828.
2, 3, 23
What are the prime factors of 4747?
47, 101
List the prime factors of 192.
2, 3
List the prime factors of 1182.
2, 3, 197
What are the prime factors of 9320?
2, 5, 233
What are the prime factors of 27935?
5, 37, 151
What are the prime factors of 45?
3, 5
What are the prime factors of 1072?
2, 67
List the prime factors of 1702.
2, 23, 37
List the prime factors of 10086.
2, 3, 41
What are the prime factors of 309?
3, 103
List the prime factors of 18530.
2, 5, 17, 109
List the prime factors of 17354.
2, 8677
List the prime factors of 51066.
2, 3, 2837
List the prime factors of 126.
2, 3, 7
List the prime factors of 4526.
2, 31, 73
List the prime factors of 3980.
2, 5, 199
List the prime factors of 3345.
3, 5, 223
List the prime factors of 208.
2, 13
List the prime factors of 2154.
2, 3, 359
What are the prime factors of 5515?
5, 1103
List the prime factors of 796.
2, 199
List the prime factors of 111184.
2, 6949
List the prime factors of 3297.
3, 7, 157
List the prime factors of 22144.
2, 173
List the prime factors of 40458.
2, 3, 11, 613
What are the prime factors of 1088?
2, 17
List the prime factors of 7295.
5, 1459
What are the prime factors of 13785?
3, 5, 919
List the prime factors of 2975.
5, 7, 17
What are the prime factors of 28016?
2, 17, 103
What are the prime factors of 6980?
2, 5, 349
List the prime factors of 3410.
2, 5, 11, 31
List the prime factors of 1348.
2, 337
What are the prime factors of 887?
887
List the prime factors of 3408.
2, 3, 71
List the prime factors of 4092.
2, 3, 11, 31
What are the prime factors of 2177?
7, 311
What are the prime factors of 505?
5, 101
What are the prime factors of 54814?
2, 27407
What are the prime factors of 13108?
2, 29, 113
What are the prime factors of 442?
2, 13, 17
List the prime factors of 2295.
3, 5, 17
List the prime factors of 12523.
7, 1789
List the prime factors of 1454.
2, 727
What are the prime factors of 3351?
3, 1117
List the prime factors of 9582.
2, 3, 1597
List the prime factors of 4455.
3, 5, 11
What are the prime factors of 943?
23, 41
List the prime factors of 1245.
3, 5, 83
List the prime factors of 17301.
3, 73, 79
List the prime factors of 104558.
2, 23, 2273
What are the prime factors of 918?
2, 3, 17
List the prime factors of 17768.
2, 2221
What are the prime factors of 25995?
3, 5, 1733
What are the prime factors of 396?
2, 3, 11
What are the prime factors of 22840?
2, 5, 571
What are the prime factors of 7404?
2, 3, 617
List the prime factors of 24421.
24421
List the prime factors of 81661.
127, 643
What are the prime factors of 45?
3, 5
What are the prime factors of 4443?
3, 1481
What are the prime factors of 16646?
2, 7, 29, 41
What are the prime factors of 65788?
2, 16447
List the prime factors of 1014.
2, 3, 13
List the prime factors of 5255.
5, 1051
List the prime factors of 4640.
2, 5, 29
List the prime factors of 42219.
3, 4691
List the prime factors of 1385.
5, 277
List the prime factors of 25494.
2, 3, 7, 607
What are the prime factors of 6824?
2, 853
List the prime factors of 6741.
3, 7, 107
List the prime factors of 3894.
2, 3, 11, 59
List the prime factors of 1097.
1097
What are the prime factors of 5156?
2, 1289
What are the prime factors of 4040?
2, 5, 101
List the prim